
Is 273018203 prime?
False
Is 2478173 a prime number?
True
Is 3519019 prime?
False
Is 397451 a composite number?
True
Is 14187403 composite?
False
Is 392042609 prime?
False
Is 27155549 prime?
True
Is 32471227 prime?
True
Is 13944317 a composite number?
True
Is 1242568819 a prime number?
True
Is 438377 a composite number?
False
Is 375355909 a prime number?
False
Is 1848937 a prime number?
False
Is 285251 composite?
False
Is 6397187 a composite number?
True
Is 8236561 a composite number?
True
Is 9980599 a prime number?
True
Is 10815806 a composite number?
True
Is 1336051 a prime number?
False
Is 43602173 composite?
True
Is 27708053 a composite number?
False
Is 786482 composite?
True
Is 1078709 prime?
False
Is 1003613347 a composite number?
True
Is 24190033 a composite number?
True
Is 5575309 a prime number?
True
Is 349275403 composite?
False
Is 26055149 a prime number?
True
Is 124172171 a composite number?
True
Is 120811 composite?
False
Is 31048961 composite?
False
Is 1017473 a prime number?
True
Is 50493221 prime?
False
Is 6040618 prime?
False
Is 12383947 prime?
True
Is 4861 a composite number?
False
Is 15988589 a prime number?
True
Is 6190207 a prime number?
False
Is 4227491 prime?
True
Is 583359713 a prime number?
True
Is 90972737 a composite number?
False
Is 129916169 a composite number?
False
Is 7063957 composite?
False
Is 323759 a composite number?
False
Is 92906747 a prime number?
True
Is 49401053 a composite number?
True
Is 79438393 composite?
True
Is 236743 prime?
False
Is 7935029 composite?
True
Is 1266643 composite?
True
Is 31673891 composite?
False
Is 92409 composite?
True
Is 50663549 a prime number?
False
Is 24015977 composite?
False
Is 78081847 a prime number?
True
Is 211946743 prime?
True
Is 1311967 composite?
False
Is 7290163 a prime number?
False
Is 25090097 a composite number?
False
Is 143971085 composite?
True
Is 376583 prime?
True
Is 5713611 prime?
False
Is 137230279 a composite number?
False
Is 14469891 a prime number?
False
Is 36365851 prime?
True
Is 204429887 prime?
True
Is 9686951 a prime number?
True
Is 22274033 prime?
True
Is 232080791 a prime number?
False
Is 155611867 composite?
True
Is 447277151 a prime number?
True
Is 40773263 a prime number?
True
Is 2614921 prime?
False
Is 1960453 prime?
False
Is 1703657 a prime number?
False
Is 25809479 a composite number?
False
Is 735439 composite?
False
Is 40080491 a prime number?
False
Is 469510331 a composite number?
False
Is 13936222 composite?
True
Is 248308541 a composite number?
True
Is 25281827 composite?
False
Is 4107893 prime?
True
Is 4625519 a composite number?
False
Is 4960321 a composite number?
True
Is 168067 composite?
False
Is 37215869 prime?
False
Is 127781373 composite?
True
Is 69797339 a composite number?
False
Is 9365789 a composite number?
True
Is 349925351 a prime number?
True
Is 5284579 composite?
False
Is 4400213 prime?
True
Is 5143483 a prime number?
True
Is 15131807 prime?
False
Is 36949139 prime?
True
Is 11562259 prime?
False
Is 13560413 composite?
True
Is 36215953 prime?
True
Is 29012419 a composite number?
False
Is 79235669 composite?
False
Is 2582962 a prime number?
False
Is 392555429 prime?
False
Is 19743091 prime?
False
Is 34730477 prime?
True
Is 125001941 a prime number?
False
Is 13014851 a prime number?
False
Is 40356149 prime?
True
Is 9786449 composite?
True
Is 3026137 a prime number?
False
Is 150981119 a composite number?
False
Is 281172997 a composite number?
True
Is 47240329 prime?
True
Is 20613179 composite?
True
Is 1903891 composite?
True
Is 81751231 a composite number?
False
Is 2075683 a composite number?
True
Is 5894171 a composite number?
True
Is 20082365 prime?
False
Is 1655237 a composite number?
False
Is 4763159 prime?
True
Is 172446599 a composite number?
True
Is 4920415 prime?
False
Is 26313037 composite?
True
Is 3679261 composite?
False
Is 609979 a composite number?
False
Is 1256577017 a prime number?
False
Is 403200899 a prime number?
False
Is 46891093 prime?
True
Is 5456807 composite?
False
Is 2354713 a prime number?
False
Is 5513201 a prime number?
True
Is 125378854 a prime number?
False
Is 9745793 a prime number?
False
Is 8243353 a composite number?
False
Is 12205639 prime?
False
Is 27858431 a composite number?
False
Is 44100949 composite?
True
Is 28074257 a composite number?
True
Is 54668611 composite?
False
Is 100567429 a composite number?
False
Is 30126479 a prime number?
False
Is 122948483 a composite number?
True
Is 265070629 a prime number?
True
Is 2430781 prime?
False
Is 2698481 composite?
False
Is 5654861 a prime number?
True
Is 16869 composite?
True
Is 3963367 a prime number?
False
Is 6019549 a prime number?
False
Is 674247133 prime?
False
Is 98212693 a composite number?
True
Is 43732361 a composite number?
True
Is 5728193 a composite number?
True
Is 37960289 prime?
True
Is 77714597 a prime number?
True
Is 38728513 prime?
True
Is 2212583 prime?
False
Is 345413 a prime number?
True
Is 61174973 a prime number?
True
Is 386736613 prime?
False
Is 5496913 prime?
True
Is 943668319 composite?
True
Is 410203 composite?
False
Is 100264969 a composite number?
True
Is 30277129 a prime number?
False
Is 21486731 a composite number?
True
Is 12795593 a prime number?
False
Is 513673 a composite number?
False
Is 8529163 prime?
False
Is 6300337 a composite number?
True
Is 746741 prime?
False
Is 6757759 a composite number?
False
Is 1463501 prime?
False
Is 3777281 prime?
False
Is 26055187 composite?
True
Is 32702801 a prime number?
True
Is 89351187 a prime number?
False
Is 27434278 a composite number?
True
Is 14424941 composite?
False
Is 531943385 composite?
True
Is 23241665 composite?
True
Is 819209 a prime number?
False
Is 831777 a prime number?
False
Is 13736419 a prime number?
False
Is 949567 a composite number?
False
Is 29595581 a prime number?
True
Is 120345451 a prime number?
False
Is 29304727 composite?
True
Is 95060359 a composite number?
False
Is 206194231 prime?
False
Is 186660131 prime?
False
Is 21007045 prime?
False
Is 116439641 prime?
True
Is 1115729 prime?
False
Is 19461269 composite?
False
Is 135871823 a composite number?
False
Is 79274803 a prime number?
False
Is 84461477 a composite number?
True
Is 481191 composite?
True
Is 78380147 a composite number?
False
Is 14343287 composite?
True
Is 33121021 a prime number?
False
Is 8506959 a prime number?
False
Is 36602283 a composite number?
True
Is 284425271 composite?
True
Is 5770519 a prime number?
False
Is 18397193 a prime number?
True
Is 18877631 a composite number?
False
Is 15443009 a composite number?
True
Is 28641289 a prime number?
False
Is 21733637 a composite number?
True
Is 14496161 a composite number?
True
Is 169962461 prime?
True
Is 13941903 composite?
True
Is 18875687 composite?
False
Is 2039797997 a prime number?
True
Is 93106207 a prime number?
True
Is 5855009 prime?
False
Is 286512029 a composite number?
False
Is 255378311 prime?
True
Is 3196819 composite?
False
Is 1253632583 prime?
False
Is 189769643 a composite number?
True
Is 73210117 prime?
False
Is 41003301 a composite number?
True
Is 38869689 composite?
True
Is 72726949 a prime number?
True
Is 432994013 a prime number?
True
Is 11662351 composite?
False
Is 6011969 a prime number?
True
Is 15076409 composite?
False
Is 65505149 a prime number?
True
Is 173506507 prime?
False
Is 14456033 composite?
False
Is 70879849 composite?
False
Is 69274117 a prime number?
False
Is 4940465 prime?
False
Is 21137 prime?
False
Is 1123660357 a prime number?
True
Is 2277053 a prime number?
False
Is 1587839 a composite number?
True
Is 41967389 a composite number?
False
Is 285160111 composite?
True
Is 84299 a composite number?
False
Is 11165431 prime?
True
Is 2607929 prime?
True
Is 891953 composite?
True
Is 70289 a composite number?
False
Is 10653593 a composite number?
False
Is 13115699 a composite number?
True
Is 602254 prime?
False
Is 276281 a composite number?
True
Is 20687417 a prime number?
False
Is 34537229 composite?
False
Is 2586341 a composite number?
False
Is 1229113 a prime number?
True
Is 31995329 prime?
True
Is 168298593 prime?
False
Is 2861981 prime?
False
Is 1794967 a prime number?
True
Is 48228451 a composite number?
False
Is 99677689 prime?
True
Is 18207107 prime?
False
Is 1728809 a prime number?
True
Is 1196